
-1511661
In base 12, what is 1527b + 1a02?
17081
In base 11, what is 5 - 9611a06?
-9611a01
In base 10, what is -3124 + 56295?
53171
In base 2, what is 101 + -1010001000000101100001?
-1010001000000101011100
In base 3, what is -100222 + 22101202210?
22101101211
In base 15, what is 6e0d3 - -74?
6e157
In base 16, what is 4099db - 14?
4099c7
In base 12, what is 1ba067 + -1?
1ba066
In base 5, what is 11 - -142440330?
142440341
In base 16, what is 377 - 98a?
-613
In base 8, what is 12022 - -473105?
505127
In base 4, what is 201 - -2233322?
2300123
In base 12, what is -1a5a2b2 - 2?
-1a5a2b4
In base 15, what is 0 - 705763?
-705763
In base 2, what is -10110110101010101001110010011 - 100?
-10110110101010101001110010111
In base 10, what is 81782 - -106?
81888
In base 12, what is 32 - -6b269?
6b29b
In base 15, what is 14cd + b99?
2177
In base 8, what is 41346027 - 3?
41346024
In base 3, what is 200111 - -121011010?
121211121
In base 3, what is -1002 + -11112221200100?
-11112221201102
In base 8, what is 1156341651 - -7?
1156341660
In base 5, what is -2 + 124421001?
124420444
In base 4, what is -122 + -201013012330?
-201013013112
In base 7, what is 1152454503 - 1?
1152454502
In base 7, what is -31 + 20223315?
20223254
In base 13, what is -2557764 + 5?
-255775c
In base 3, what is 1102120020111101 + 2?
1102120020111110
In base 2, what is -10100011011101000011111011 - -100?
-10100011011101000011110111
In base 9, what is 2833333 - -2?
2833335
In base 3, what is 20112110 - -201010?
21020120
In base 5, what is 3 - -410100104?
410100112
In base 16, what is bb25e - -8?
bb266
In base 5, what is 232314 + -130?
232134
In base 15, what is 39c3 - -123?
3ae6
In base 14, what is 1d - 1c982a1?
-1c98282
In base 14, what is a - -17c487?
17c493
In base 16, what is 42af + 558f?
983e
In base 16, what is 49bdd59 - 0?
49bdd59
In base 7, what is -203465 + 101?
-203364
In base 15, what is 4 + -5896b9?
-5896b5
In base 10, what is -134242849 + 1?
-134242848
In base 13, what is -6c7a - 28b?
-7238
In base 12, what is b239390 - 24?
b239368
In base 14, what is -a + 13cc6c55?
13cc6c49
In base 2, what is 11000000011101 - -110100101110?
11110101001011
In base 12, what is -1241a + 15b2?
-10a28
In base 12, what is -5bb846ab - -3?
-5bb846a8
In base 2, what is -10010111000011 + 10000001110000001?
1101110110111110
In base 7, what is 46252 - -623?
50205
In base 11, what is 111481 + -37?
111445
In base 11, what is 9909 + -253?
9666
In base 8, what is 235 + 1121063?
1121320
In base 15, what is 1518d32 - -4?
1518d36
In base 4, what is 2210203000100 + -3?
2210203000031
In base 10, what is -1 - -63797052?
63797051
In base 9, what is 12815118 + 1?
12815120
In base 11, what is 3a023 - -146?
3a169
In base 13, what is 289 - -118512?
11879b
In base 2, what is 1110010111011 - -101101100?
1111000100111
In base 13, what is 1c45 - 1babb?
-19b76
In base 7, what is -2526612 - 123?
-2530035
In base 5, what is -21 - -30343144?
30343123
In base 9, what is 1 + -3223832?
-3223831
In base 5, what is 411 + 1311001412?
1311002323
In base 9, what is 0 + -302240010?
-302240010
In base 10, what is -10563379 + -3?
-10563382
In base 16, what is -1 + 22a28d0?
22a28cf
In base 10, what is 902 - -1658?
2560
In base 5, what is 2411421001 - -4?
2411421010
In base 8, what is 20 + -601412535?
-601412515
In base 5, what is 232 + -1340310230?
-1340304443
In base 15, what is 6 - -389248?
38924e
In base 15, what is 0 + 6dc8101?
6dc8101
In base 15, what is d31 + 25a34?
26865
In base 9, what is 164385 + -1658?
162626
In base 8, what is 24 - -52127411?
52127435
In base 4, what is 100230320021 - 1?
100230320020
In base 4, what is -223011112 + -23032?
-223100210
In base 8, what is 23244 + -1443?
21601
In base 8, what is -3533032 - 3?
-3533035
In base 16, what is 3 + -14b2abf2?
-14b2abef
In base 15, what is -6 + -b77835?
-b7783b
In base 14, what is 62a7 + -3?
62a4
In base 7, what is -32 + -3334102?
-3334134
In base 3, what is 10021101112 - 112010?
10020212102
In base 4, what is -13 + 2020211133203?
2020211133130
In base 4, what is 30221103 + -21023?
30200020
In base 14, what is -2 - -a664808?
a664806
In base 7, what is -1441551 + 30?
-1441521
In base 13, what is 7c + 20881a5?
2088254
In base 12, what is 29351 - 1548?
27a05
In base 14, what is -51dc10 + -6?
-51dc16
In base 4, what is 221223103 - -1032203?
222321312
In base 14, what is -1053a - -a?
-10530
In base 5, what is -20441 + 102304?
31313
In base 13, what is 20959b0 + -11?
209599c
In base 12, what is 33a96b - -61?
33aa10
In base 2, what is -111110111 + -100011010010100?
-100100010001011
In base 13, what is -103132a - 2?
-103132c
In base 13, what is -6 + 7334442?
7334439
In base 13, what is -8ab + 6649?
5a6b
In base 11, what is -2 - -310a6a2?
310a6a0
In base 8, what is -6610 - 1405?
-10215
In base 4, what is 101113132 + 22?
101113220
In base 5, what is 3 - 44003011244?
-44003011241
In base 4, what is 102033310 - 32130?
102001120
In base 14, what is -2dc - 58834?
-58b32
In base 4, what is -2102112023 - 0?
-2102112023
In base 2, what is -110101101000010101 + 1001?
-110101101000001100
In base 4, what is 2123223 - 303333?
1213230
In base 6, what is 22 + -45431125?
-45431103
In base 12, what is 22422448 - 12?
22422436
In base 13, what is -53cb0 + -56?
-54036
In base 2, what is -11010 + 1000001001011100111?
1000001001011001101
In base 13, what is 33887 + 87?
33941
In base 13, what is -4 - -b116524?
b116520
In base 9, what is -41341871 - 6?
-41341877
In base 8, what is -243 - 356176?
-356441
In base 2, what is -10011 - 100010100111000100?
-100010100111010111
In base 11, what is 368 + 29384?
29741
In base 14, what is 4201 - -66?
4267
In base 5, what is 1144334 - 2?
1144332
In base 10, what is 80 + -2031665?
-2031585
In base 16, what is c + a0a5e?
a0a6a
In base 10, what is -5943 + -2147?
-8090
In base 6, what is -20000423 + -34?
-20000501
In base 12, what is -6819a - -514?
-67886
In base 8, what is -25146 + -657?
-26025
In base 8, what is -245321475 + 2?
-245321473
In base 5, what is -1040222234 - 2?
-1040222241
In base 15, what is 2b - de8a7?
-de87b
In base 8, what is 53 + 334357?
334432
In base 3, what is 101102 - -1022121212222?
1022122021101
In base 7, what is 1135151 + 330?
1135511
In base 13, what is -279ab29 - 1?
-279ab2a
In base 4, what is -11 + -11133002330?
-11133003001
In base 15, what is -4a8e66 - 2e?
-4a8e95
In base 12, what is b5a0 + 23a?
b81a
In base 3, what is 110 + -2002021021222111?
-2002021021222001
In base 4, what is 202302220 + 200321?
203103201
In base 10, what is 5 - -2167285?
2167290
In base 7, what is 40601221330 + -4?
40601221323
In base 7, what is 3 - -142565002?
142565005
In base 16, what is -34c + 104f?
d03
In base 5, what is -10401 - 20331303?
-20342204
In base 9, what is -1337482 - 51?
-1337543
In base 15, what is 13c7895 + -2?
13c7893
In base 15, what is 4 - 186365?
-186361
In base 9, what is -38 - -1060264?
1060225
In base 7, what is -5 - -60100110?
60100102
In base 13, what is 1369 + 12c56?
142c2
In base 4, what is 201302331333 - -12?
201302332011
In base 2, what is -11 + 10011111110000110111100?
10011111110000110111001
In base 6, what is 200 + -101351204?
-101351004
In base 8, what is -13332712 - 5?
-13332717
In base 2, what is 1010 + 10100111001011010101011?
10100111001011010110101
In base 10, what is -1432819360 - -5?
-1432819355
In base 4, what is 13131130101 - -32?
13131130133
In base 7, what is 1050431410 - 3?
1050431404
In base 14, what is 49254 + 34?
49288
In base 2, what is -10010001000 - 1111000010101101?
-1111010100110101
In base 8, what is 3 - -12676630?
12676633
In base 4, what is -130013101012 + -3?
-130013101021
In base 12, what is -466209 - -a6?
-466123
In base 5, what is -314212333 + 311?
-314212022
In base 3, what is 12212120 - -20220101?
110202221
In base 2, what is -1000 + -1100001011100101101111101?
-1100001011100101110000101
In base 10, what is -3 + -13589237?
-13589240
In base 10, what is -5 + -123683094?
-123683099
In base 4, what is 201101001 + 12?
201101013
In base 7, what is 11244 - -14106?
25353
In base 13, what is -9 + -150482?
-15048b
In base 11, what is -1691 - 1135?
-2816
In base 13, what is 12c415 - -39?
12c451
In base 16, what is 5be6 + -e67?
4d7f
In base 3, what is 100220210 + -2111022012?
-2010101102
In base 5, what is 114